{"id":80,"date":"2019-04-29T13:56:51","date_gmt":"2019-04-29T16:56:51","guid":{"rendered":"https:\/\/imnlagos.com.br\/2019\/?page_id=80"},"modified":"2021-12-06T22:28:31","modified_gmt":"2021-12-07T01:28:31","slug":"ultrassonografia","status":"publish","type":"page","link":"https:\/\/imnlagos.com.br\/2019\/ultrassonografia","title":{"rendered":"Ultrassonografia"},"content":{"rendered":"<p style=\"text-align: left;\"><span lang=\"PT\"><img loading=\"lazy\" class=\"wp-image-1137 alignleft\" src=\"https:\/\/imnlagos.com.br\/2019\/wp-content\/uploads\/2021\/06\/ULTRASSONOGRAFIA-300x201.jpg\" alt=\"\" width=\"203\" height=\"136\" srcset=\"https:\/\/imnlagos.com.br\/2019\/wp-content\/uploads\/2021\/06\/ULTRASSONOGRAFIA-300x201.jpg 300w, https:\/\/imnlagos.com.br\/2019\/wp-content\/uploads\/2021\/06\/ULTRASSONOGRAFIA-90x60.jpg 90w, https:\/\/imnlagos.com.br\/2019\/wp-content\/uploads\/2021\/06\/ULTRASSONOGRAFIA-600x402.jpg 600w, https:\/\/imnlagos.com.br\/2019\/wp-content\/uploads\/2021\/06\/ULTRASSONOGRAFIA-390x261.jpg 390w, https:\/\/imnlagos.com.br\/2019\/wp-content\/uploads\/2021\/06\/ULTRASSONOGRAFIA.jpg 615w\" sizes=\"(max-width: 203px) 100vw, 203px\" \/><span lang=\"PT\">A <\/span><span lang=\"PT\">ultrassonografia (ou ecografia) \u00e9 um m\u00e9todo diagn\u00f3stico que aproveita o eco produzido pelo som para detectar, em tempo real, as reflex\u00f5es das estruturas e \u00f3rg\u00e3os do organismo e, com isto, construir imagens.<br \/>\n<\/span><\/span>Atrav\u00e9s do efeito Doppler, \u00e9 poss\u00edvel, tamb\u00e9m, conhecer o sentido e a velocidade de fluxos sangu\u00edneos, muito usado na avalia\u00e7\u00e3o de doen\u00e7as vasculares.<br \/>\n<span lang=\"PT\">Por n\u00e3o utilizar radia\u00e7\u00e3o ionizante, como acontece na radiografia e na tomografia computadorizada, a ultrassonografia \u00e9 um m\u00e9todo in\u00f3cuo, barato e ideal para avaliar gestantes, sendo muito \u00fatil no acompanhamento do crescimento fetal.<br \/>\n<\/span><span lang=\"PT\">Nos \u00faltimos anos, o desenvolvimento tecnol\u00f3gico dos equipamentos evoluiu tanto que transformou esse m\u00e9todo em um instrumento poderoso de investiga\u00e7\u00e3o m\u00e9dica, exigindo treinamento constante e profissionais cada vez mais qualificados.<br \/>\n<\/span>Por isso, o IMN possui uma excelente equipe m\u00e9dica especializada e de muito conhecimento t\u00e9cnico, al\u00e9m de contar com equipamentos modernos e capazes de produzir imagens em alta defini\u00e7\u00e3o.<br \/>\nAl\u00e9m dos exames ultrassonogr\u00e1ficos rotineiros, o IMN est\u00e1 capacitado para fornecer aos clientes procedimentos de alta complexidade, como: Doppler Vascular, Elastografia, Pun\u00e7\u00e3o Aspirativa Guiada (<strong>PAAF<\/strong>) para n\u00f3dulos de tireoide, mama, g\u00e2nglios e outras estruturas, al\u00e9m da Bi\u00f3psia de Mama (<strong>Core Biopsy).<br \/>\n<\/strong>Conte com o melhor em ultrassonografia no IMN.<strong><br \/>\n<\/strong><\/p>\n<h4>Recomenda\u00e7\u00f5es gerais para Ultrassonografias:<\/h4>\n<h4>. Agende data e hor\u00e1rio com anteced\u00eancia.<br \/>\n. Procure chegar 30 minutos antes do exame.<br \/>\n. Em caso de conv\u00eanios, certifique-se da cobertura dos exames e dos tr\u00e2mites exigidos pela operadora.<br \/>\n. Fa\u00e7a uma alimenta\u00e7\u00e3o leve no dia anterior ao exame.<br \/>\n. Traga exames anteriores e outros que sejam correlatos ao que est\u00e1 sendo solicitado.<\/h4>\n<p><strong>ABDOME TOTAL: <\/strong><strong>\u00a0<\/strong><\/p>\n<p><strong>Acima de 15 anos<br \/>\n<\/strong>Jejum de 6 horas.<br \/>\nTomar 80 mg de DIMETICONA ou SIMETICONA (Luftal &#8211; 30 gotas ou 2 comprimidos) 4 horas antes do exame.<br \/>\nBeber 2 copos de \u00e1gua 1 horas antes do exame ou o que for recomendado pelo(a) atendente.<br \/>\nFicar sem urinar antes do exame. A bexiga urin\u00e1ria deve estar cheia.<\/p>\n<p><strong>De 3 \u00e0 15 anos<br \/>\n<\/strong>Jejum de 4 horas.<br \/>\nTomar 1 gota por kg de DIMETICONA ou SIMETICONA de 6 em 6 horas, 24 horas antes do exame.<br \/>\nFicar sem urinar antes do exame. A bexiga urin\u00e1ria deve estar cheia.<\/p>\n<p><strong>APARELHO URIN\u00c1RIO:<\/strong><\/p>\n<p><strong>Crian\u00e7as de 0 \u00e0 2 anos<br \/>\n<\/strong>Tomar 1 gota por kg de DIMETICONA ou SIMETICONA de 6 em 6 horas, 24 horas antes do exame.<br \/>\nIngerir l\u00edquidos habituais.<strong>\u00a0<\/strong><\/p>\n<p><strong>\u00a0Crian\u00e7a de 3 \u00e0 10 anos<\/strong><\/p>\n<p>Jejum de 4 horas.<br \/>\nTomar 1 gota por kg de DIMETICONA ou SIMETICONA de 6 em 6 horas, 24 horas antes do exame.<br \/>\nBeber 2 copos de \u00e1gua 1 horas antes do exame ou o que for recomendado pelo(a) atendente.<br \/>\nFicar sem urinar antes do exame. A bexiga urin\u00e1ria deve estar cheia.<\/p>\n<p><strong>Acima de 10 anos e adultos<br \/>\n<\/strong>Jejum de 4 horas.<br \/>\nTomar 80 mg de DIMETICONA ou SIMETICONA (Luftal &#8211; 30 gotas ou 2 comprimidos) 4 horas antes do exame.<br \/>\nBeber 2 copos de \u00e1gua 1 horas antes do exame ou o que for recomendado pelo(a) atendente.<br \/>\nFicar sem urinar antes do exame. A bexiga urin\u00e1ria deve estar cheia.<\/p>\n<p><strong>ARTICULA\u00c7\u00d5ES:<br \/>\n<\/strong>N\u00e3o precisa preparo.<br \/>\nTrazer exames anteriores e aqueles relacionados ao caso (Raios X, Ultrassom, Tomografia, Resson\u00e2ncia).<\/p>\n<p><strong>BOLSA ESCROTAL:<br \/>\n<\/strong>N\u00e3o precisa de preparo.<br \/>\nTrazer exames anteriores e aqueles relacionados ao caso (Raios X, Ultrassom, Tomografia, Resson\u00e2ncia).<\/p>\n<p><strong>DUPLEX SCAN ARTERIAL E VENOSO:<br \/>\n<\/strong>N\u00e3o precisa de jejum.<br \/>\nTrazer uma roupa curta (short, mai\u00f4).<br \/>\nTrazer exames anteriores e aqueles relacionados ao caso (Raios X, Ultrassom, Tomografia, Resson\u00e2ncia).<\/p>\n<p><strong>ECODOPPLER DE CAR\u00d3TIDAS:<br \/>\n<\/strong>N\u00e3o precisa de jejum.<br \/>\nTrazer exames anteriores e aqueles relacionados ao caso (Raios X, Ultrassom, Tomografia, Resson\u00e2ncia).<\/p>\n<p><strong>GL\u00c2NDULAS SALIVARES:<br \/>\n<\/strong>Senhores, \u00e9 aconselh\u00e1vel aparar a barba.<br \/>\nTrazer exames anteriores e aqueles relacionados (Raios X, Ultrassom, Tomografia, Resson\u00e2ncia).<\/p>\n<p><strong>MAMAS:<br \/>\n<\/strong>N\u00e3o precisa de preparo.<br \/>\nTrazer exames anteriores e aqueles relacionados (Mamografia anterior, Ultrassom, Resson\u00e2ncia).<\/p>\n<p><strong>MAMAS COM DOPPLER:<br \/>\n<\/strong>N\u00e3o precisa de preparo.<br \/>\nTrazer exames anteriores e aqueles relacionados (Mamografia anterior, Ultrassom, Resson\u00e2ncia).<\/p>\n<p><strong>PAREDE ABDOMINAL:<br \/>\n<\/strong>N\u00e3o precisa de preparo.<br \/>\nTrazer exames anteriores e aqueles relacionados (Raios X, Ultrassom, Tomografia, Resson\u00e2ncia).<\/p>\n<p><strong>MORFOL\u00d3GICO:<br \/>\n<\/strong>Realizado entre a 20 e 24 semanas.<br \/>\nN\u00e3o precisa de preparo.<br \/>\nTrazer exames relacionados a gesta\u00e7\u00e3o.<\/p>\n<p><strong>MORFOL\u00d3GICO COM DOPPLER:<br \/>\n<\/strong>Realizado entre a 20 e 24 semanas.<br \/>\nN\u00e3o precisa de preparo.<br \/>\nTrazer exames relacionados a gesta\u00e7\u00e3o.<\/p>\n<p><strong>OBST\u00c9TRICO:<br \/>\n<\/strong>N\u00e3o precisa de preparo.<br \/>\nTrazer exames relacionados a gesta\u00e7\u00e3o.<\/p>\n<p><strong>OBST\u00c9TRICO COM PERFIL BIOF\u00cdSICO FETAL:<br \/>\n<\/strong>Realizado a partir da 26\u00ba semanas.<br \/>\nN\u00e3o precisa de preparo.<br \/>\nTrazer exames relacionados a gesta\u00e7\u00e3o.<\/p>\n<p><strong>OBST\u00c9TRICO COM TRANSLUC\u00caNCIA NUCAL:<br \/>\n<\/strong>Realizado entre 11\u00aa e 14\u00aa semana.<br \/>\nN\u00e3o precisa de preparo.<br \/>\nTrazer exames relacionados a gesta\u00e7\u00e3o.<\/p>\n<p><strong>PAR\u00d3TIDAS:<br \/>\n<\/strong>Senhores, \u00e9 aconselh\u00e1vel aparar a barba.<br \/>\nTrazer exames anteriores e aqueles relacionados (Raios X, Ultrassom, Tomografia, Resson\u00e2ncia).<\/p>\n<p><strong>P\u00c9LVICO GINECOL\u00d3GICA:<br \/>\n<\/strong>N\u00e3o precisa de jejum.<br \/>\nTomar 4 copos com \u00e1gua 2 horas antes do exame.<br \/>\nTrazer exames anteriores e aqueles relacionados ao caso.<br \/>\nA bexiga deve estar cheia.<\/p>\n<p><strong>PR\u00d3STATA VIA ABDOMINAL:<br \/>\n<\/strong>N\u00e3o precisa de jejum.<br \/>\nTomar 4 copos com \u00e1gua 2 horas antes do exame.<br \/>\nTrazer exames anteriores e aqueles relacionados (Raios X, Ultrassom, Tomografia, Resson\u00e2ncia).<br \/>\nA bexiga urin\u00e1ria deve estar cheia.<\/p>\n<p><strong>REGI\u00c3O CERVICAL:<br \/>\n<\/strong>N\u00e3o precisa preparo.<br \/>\nTrazer exames anteriores e aqueles relacionados (Raios X, Ultrassom, Tomografia, Resson\u00e2ncia).<\/p>\n<p><strong>TIREOIDE:<br \/>\n<\/strong>N\u00e3o precisa de jejum.<br \/>\nTrazer exames anteriores e aqueles relacionados (Raios X, Ultrassom, Tomografia, Resson\u00e2ncia).<\/p>\n<p><strong>TIREOIDE COM DOPPLER:<br \/>\n<\/strong>\u00a0N\u00e3o precisa de jejum.<br \/>\nTrazer exames anteriores e aqueles relacionados (Raios X, Ultrassom, Tomografia, Resson\u00e2ncia).<\/p>\n<p><strong>TRANSVAGINAL:<br \/>\n<\/strong>N\u00e3o precisa de preparo.<br \/>\nA bexiga deve estar vazia.<br \/>\nTrazer exames anteriores e aqueles relacionados (Raios X, Ultrassom, Tomografia, Resson\u00e2ncia).<\/p>\n<p><strong>TRANSVAGINAL COM DOPPLER:<br \/>\n<\/strong>N\u00e3o precisa de preparo.<br \/>\nA bexiga deve estar vazia.<br \/>\nTrazer exames anteriores e aqueles relacionados (Raios X, Ultrassom, Tomografia, Resson\u00e2ncia).<\/p>\n<p style=\"text-align: center;\"><strong><a href=\"https:\/\/imnlagos.com.br\/2019\">VOLTAR<\/a><\/strong><\/p>\n","protected":false},"excerpt":{"rendered":"<p>A ultrassonografia (ou ecografia) \u00e9 um m\u00e9todo diagn\u00f3stico que aproveita o eco produzido pelo som para detectar, em tempo real, as reflex\u00f5es das estruturas e \u00f3rg\u00e3os do organismo e, com isto, construir imagens. Atrav\u00e9s do efeito Doppler, \u00e9 poss\u00edvel, tamb\u00e9m, conhecer o sentido e a velocidade de fluxos sangu\u00edneos, muito usado na avalia\u00e7\u00e3o de doen\u00e7as&hellip;<\/p>\n","protected":false},"author":1,"featured_media":0,"parent":0,"menu_order":0,"comment_status":"closed","ping_status":"closed","template":"","meta":[],"_links":{"self":[{"href":"https:\/\/imnlagos.com.br\/2019\/wp-json\/wp\/v2\/pages\/80"}],"collection":[{"href":"https:\/\/imnlagos.com.br\/2019\/wp-json\/wp\/v2\/pages"}],"about":[{"href":"https:\/\/imnlagos.com.br\/2019\/wp-json\/wp\/v2\/types\/page"}],"author":[{"embeddable":true,"href":"https:\/\/imnlagos.com.br\/2019\/wp-json\/wp\/v2\/users\/1"}],"replies":[{"embeddable":true,"href":"https:\/\/imnlagos.com.br\/2019\/wp-json\/wp\/v2\/comments?post=80"}],"version-history":[{"count":15,"href":"https:\/\/imnlagos.com.br\/2019\/wp-json\/wp\/v2\/pages\/80\/revisions"}],"predecessor-version":[{"id":1824,"href":"https:\/\/imnlagos.com.br\/2019\/wp-json\/wp\/v2\/pages\/80\/revisions\/1824"}],"wp:attachment":[{"href":"https:\/\/imnlagos.com.br\/2019\/wp-json\/wp\/v2\/media?parent=80"}],"curies":[{"name":"wp","href":"https:\/\/api.w.org\/{rel}","templated":true}]}}