{"id":76,"date":"2019-04-29T13:55:34","date_gmt":"2019-04-29T16:55:34","guid":{"rendered":"https:\/\/imnlagos.com.br\/2019\/?page_id=76"},"modified":"2023-08-17T16:33:12","modified_gmt":"2023-08-17T19:33:12","slug":"raios-x","status":"publish","type":"page","link":"https:\/\/imnlagos.com.br\/2019\/raios-x","title":{"rendered":"Raios X"},"content":{"rendered":"<p style=\"text-align: left;\"><img loading=\"lazy\" class=\"wp-image-206 alignleft\" src=\"https:\/\/imnlagos.com.br\/2019\/wp-content\/uploads\/2019\/04\/download_4-300x168.jpg\" alt=\"\" width=\"269\" height=\"150\" \/><strong>Raios X ou Radiografia<\/strong> \u00e9 o exame que estuda os \u00f3rg\u00e3os e estruturas do corpo utilizando radia\u00e7\u00f5es eletromagn\u00e9ticas de alta frequ\u00eancia, produzidas a partir da colis\u00e3o de feixes de el\u00e9trons com metais, chamadas de raios x.<br \/>\nAs imagens s\u00e3o geradas de acordo com a maior ou menor absor\u00e7\u00e3o desses raios pelas estruturas org\u00e2nicas e apresentadas em monitores, filmes fotossens\u00edveis ou papel fotogr\u00e1fico.<br \/>\nNas \u00faltimas d\u00e9cadas a tradicional radiografia vem sendo progressivamente substitu\u00edda ou acrescentada a novos m\u00e9todos, que agregaram maior tecnologia, como a ultrassonografia, tomografia computadorizada, resson\u00e2ncia magn\u00e9tica, cintilografia, endoscopia e outros.<br \/>\nApesar dessa redu\u00e7\u00e3o, ela ainda ocupa papel importante na triagem de pacientes com trauma \u00f3sseo e outros casos espec\u00edficos.<br \/>\nEm Maca\u00e9 e em Rio das Ostras, o IMN disp\u00f5es de equipamentos com excelente precis\u00e3o e m\u00e9dicos radiologistas experientes para lhe oferecer o que h\u00e1 de melhor em diagn\u00f3stico por imagem radiol\u00f3gica.<br \/>\nConte sempre com o IMN.<\/p>\n<p><strong>Recomenda\u00e7\u00f5es para os exames radiol\u00f3gicos:<br \/>\n<\/strong>Exames rotineiros do esqueleto, em geral, n\u00e3o necessitam preparo pr\u00e9vio.<br \/>\nExames abdominais, siga as seguintes instru\u00e7\u00f5es.<br \/>\nFa\u00e7a uma alimenta\u00e7\u00e3o leve no dia anterior ao exame.<br \/>\nJejum de 8 horas.<br \/>\nTome 8 gostas de luftal de 8 em 8 hs \u00a0e 2 comprimidos de DUCOLAX as 20 h do dia anterior ao exame.<br \/>\nTraga exames anteriores e aqueles relacionados ao seu caso.<br \/>\nExames contrastados, consulte instru\u00e7\u00f5es com a atendente, no agendamento.<\/p>\n<p style=\"text-align: center;\"><strong><a href=\"https:\/\/imnlagos.com.br\/2019\">VOLTAR<\/a><\/strong><\/p>\n","protected":false},"excerpt":{"rendered":"<p>Raios X ou Radiografia \u00e9 o exame que estuda os \u00f3rg\u00e3os e estruturas do corpo utilizando radia\u00e7\u00f5es eletromagn\u00e9ticas de alta frequ\u00eancia, produzidas a partir da colis\u00e3o de feixes de el\u00e9trons com metais, chamadas de raios x. As imagens s\u00e3o geradas de acordo com a maior ou menor absor\u00e7\u00e3o desses raios pelas estruturas org\u00e2nicas e apresentadas&hellip;<\/p>\n","protected":false},"author":1,"featured_media":0,"parent":0,"menu_order":0,"comment_status":"closed","ping_status":"closed","template":"","meta":[],"_links":{"self":[{"href":"https:\/\/imnlagos.com.br\/2019\/wp-json\/wp\/v2\/pages\/76"}],"collection":[{"href":"https:\/\/imnlagos.com.br\/2019\/wp-json\/wp\/v2\/pages"}],"about":[{"href":"https:\/\/imnlagos.com.br\/2019\/wp-json\/wp\/v2\/types\/page"}],"author":[{"embeddable":true,"href":"https:\/\/imnlagos.com.br\/2019\/wp-json\/wp\/v2\/users\/1"}],"replies":[{"embeddable":true,"href":"https:\/\/imnlagos.com.br\/2019\/wp-json\/wp\/v2\/comments?post=76"}],"version-history":[{"count":25,"href":"https:\/\/imnlagos.com.br\/2019\/wp-json\/wp\/v2\/pages\/76\/revisions"}],"predecessor-version":[{"id":2092,"href":"https:\/\/imnlagos.com.br\/2019\/wp-json\/wp\/v2\/pages\/76\/revisions\/2092"}],"wp:attachment":[{"href":"https:\/\/imnlagos.com.br\/2019\/wp-json\/wp\/v2\/media?parent=76"}],"curies":[{"name":"wp","href":"https:\/\/api.w.org\/{rel}","templated":true}]}}