{"id":66,"date":"2019-04-29T13:52:52","date_gmt":"2019-04-29T16:52:52","guid":{"rendered":"https:\/\/imnlagos.com.br\/2019\/?page_id=66"},"modified":"2019-04-29T14:32:01","modified_gmt":"2019-04-29T17:32:01","slug":"exames-e-tecnicas","status":"publish","type":"page","link":"https:\/\/imnlagos.com.br\/2019\/laboratorio\/exames-e-tecnicas","title":{"rendered":"Exames e T\u00e9cnicas"},"content":{"rendered":"<p align=\"center\"><strong>::\u00a0EXAMES 1\/3\/5\u00a0::<br \/>\n<\/strong><\/p>\n<div align=\"center\">\n<table id=\"table2\" border=\"0\" cellspacing=\"0\" cellpadding=\"0\">\n<tbody>\n<tr>\n<td valign=\"top\" width=\"500\">\n<table id=\"table3\" border=\"1\" cellspacing=\"0\" cellpadding=\"0\">\n<tbody>\n<tr>\n<td colspan=\"3\" valign=\"top\">\n<p align=\"center\"><strong>EXAMES<\/strong><\/p>\n<\/td>\n<\/tr>\n<tr>\n<td valign=\"top\" width=\"50%\" height=\"4\">\n<p align=\"center\"><strong>EXAMES<\/strong><\/p>\n<\/td>\n<td valign=\"top\" width=\"32%\" height=\"4\">\n<p align=\"center\"><strong>CONDI\u00c7\u00c3O DE COLETA<\/strong><\/p>\n<\/td>\n<td valign=\"top\" width=\"19%\" height=\"4\">\n<p align=\"center\"><strong>MATERIAL<\/strong><\/p>\n<\/td>\n<\/tr>\n<tr>\n<td valign=\"top\" width=\"50%\">11 DESOXICORTISOLAvalia\u00e7\u00e3o da defici\u00eancia da enzima 11- hidroxilase (HAC). Teste da metapirona.<\/td>\n<td valign=\"top\" width=\"32%\">Jejum de 4 horas.<\/td>\n<td valign=\"top\" width=\"19%\">1,0 ml de soro.<\/td>\n<\/tr>\n<tr>\n<td valign=\"top\" width=\"50%\">17 HIDROXI PROGESTERONADiagn\u00f3stico e monitoriza\u00e7\u00e3o da HAC. Diagn\u00f3stico de hirsutismo. Marcador tumoral (ov\u00e1rio e adrenais).<\/td>\n<td valign=\"top\" width=\"32%\">Jejum n\u00e3o obrigat\u00f3rio.<\/td>\n<td valign=\"top\" width=\"19%\">1,0 ml de soro.<\/td>\n<\/tr>\n<tr>\n<td valign=\"top\" width=\"50%\">17 HIDROXICORTICOSTER\u00d3IDESDiagn\u00f3stico auxiliar da S\u00eddrome de Cushing.<\/td>\n<td valign=\"top\" width=\"32%\">INTERFERENTES:Acetolamida, colchicina, digitalicos, eritromicina, espironolactona, fenotiazinas e metadiona.<\/td>\n<td valign=\"top\" width=\"19%\">Al\u00edquota de 50,0 ml da urina de 24 horas, colhida sem conservante e refrigerada.<\/td>\n<\/tr>\n<tr>\n<td valign=\"top\" width=\"50%\">17 CETOSTER\u00d3IDESInvestiga\u00e7\u00e3o de s\u00edndromes hiper-androg\u00eanicas.<\/td>\n<td valign=\"top\" width=\"32%\">UrinaINTERFERENTES:<\/p>\n<p>Cefalosporina, eritromicida, \u00e1cido nalid\u00edxico, penicilina em altas doses, espironolactona e testolactona.<\/td>\n<td valign=\"top\" width=\"19%\">Al\u00edquota de 50,0 ml da urina de 24 horas, colhida sem conservante e refrigerada.<\/td>\n<\/tr>\n<tr>\n<td valign=\"top\" width=\"50%\" height=\"30\">17 HIDROXIPROGESTERONA NEONATALDetec\u00e7\u00e3o precoce da HAC.<\/td>\n<td valign=\"top\" width=\"32%\" height=\"30\">Rastreamento neonatal.<\/td>\n<td valign=\"top\" width=\"19%\" height=\"30\">Sangue total do cord\u00e3o umbilical ou retirada por pun\u00e7\u00e3o do calcanhar.<\/td>\n<\/tr>\n<tr>\n<td valign=\"top\" width=\"50%\">3 ALFA-ANDROSTANEDIOL GLUCORON\u00cdDEOMarcador perif\u00e9rico da convers\u00e3o androg\u00eanica (atividade da 5- redutase). Monitoriza\u00e7\u00e3o terap\u00eautica no hirsutismo.<\/td>\n<td valign=\"top\" width=\"32%\">Jejum n\u00e3o obrigat\u00f3rio.<\/td>\n<td valign=\"top\" width=\"19%\">0,5 ml de soro.<\/td>\n<\/tr>\n<tr>\n<td valign=\"top\" width=\"50%\">5 NUCLEOTIDASEDoen\u00e7a hepatobiliar colest\u00e1tica. Met\u00e1stases e linfomas hep\u00e1ticos.<\/td>\n<td valign=\"top\" width=\"32%\">Jejum n\u00e3o obrigat\u00f3rio.<\/td>\n<td valign=\"top\" width=\"19%\">0,5 ml de soro.<\/td>\n<\/tr>\n<\/tbody>\n<\/table>\n<p align=\"center\">\n<\/td>\n<\/tr>\n<\/tbody>\n<\/table>\n<p><strong><a href=\"https:\/\/imnlagos.com.br\/2019\/laboratorio\/\">VOLTAR<\/a><\/strong><\/p>\n<\/div>\n","protected":false},"excerpt":{"rendered":"<p>::\u00a0EXAMES 1\/3\/5\u00a0:: EXAMES EXAMES CONDI\u00c7\u00c3O DE COLETA MATERIAL 11 DESOXICORTISOLAvalia\u00e7\u00e3o da defici\u00eancia da enzima 11- hidroxilase (HAC). Teste da metapirona. Jejum de 4 horas. 1,0 ml de soro. 17 HIDROXI PROGESTERONADiagn\u00f3stico e monitoriza\u00e7\u00e3o da HAC. Diagn\u00f3stico de hirsutismo. Marcador tumoral (ov\u00e1rio e adrenais). Jejum n\u00e3o obrigat\u00f3rio. 1,0 ml de soro. 17 HIDROXICORTICOSTER\u00d3IDESDiagn\u00f3stico auxiliar da S\u00eddrome&hellip;<\/p>\n","protected":false},"author":1,"featured_media":0,"parent":38,"menu_order":0,"comment_status":"closed","ping_status":"closed","template":"template\/template-page-full-width.php","meta":[],"_links":{"self":[{"href":"https:\/\/imnlagos.com.br\/2019\/wp-json\/wp\/v2\/pages\/66"}],"collection":[{"href":"https:\/\/imnlagos.com.br\/2019\/wp-json\/wp\/v2\/pages"}],"about":[{"href":"https:\/\/imnlagos.com.br\/2019\/wp-json\/wp\/v2\/types\/page"}],"author":[{"embeddable":true,"href":"https:\/\/imnlagos.com.br\/2019\/wp-json\/wp\/v2\/users\/1"}],"replies":[{"embeddable":true,"href":"https:\/\/imnlagos.com.br\/2019\/wp-json\/wp\/v2\/comments?post=66"}],"version-history":[{"count":4,"href":"https:\/\/imnlagos.com.br\/2019\/wp-json\/wp\/v2\/pages\/66\/revisions"}],"predecessor-version":[{"id":1176,"href":"https:\/\/imnlagos.com.br\/2019\/wp-json\/wp\/v2\/pages\/66\/revisions\/1176"}],"up":[{"embeddable":true,"href":"https:\/\/imnlagos.com.br\/2019\/wp-json\/wp\/v2\/pages\/38"}],"wp:attachment":[{"href":"https:\/\/imnlagos.com.br\/2019\/wp-json\/wp\/v2\/media?parent=66"}],"curies":[{"name":"wp","href":"https:\/\/api.w.org\/{rel}","templated":true}]}}