{"id":545,"date":"2019-05-29T19:46:54","date_gmt":"2019-05-29T22:46:54","guid":{"rendered":"https:\/\/imnlagos.com.br\/2019\/?page_id=545"},"modified":"2023-08-24T10:11:34","modified_gmt":"2023-08-24T13:11:34","slug":"procedimentos-diagnosticos-guiados","status":"publish","type":"page","link":"https:\/\/imnlagos.com.br\/2019\/procedimentos-diagnosticos-guiados","title":{"rendered":"Bi\u00f3psias Guiadas por Ultrassom"},"content":{"rendered":"<p><img loading=\"lazy\" class=\"wp-image-1145 alignleft\" src=\"https:\/\/imnlagos.com.br\/2019\/wp-content\/uploads\/2021\/06\/PAAF-1-300x206.jpg\" alt=\"\" width=\"224\" height=\"154\" srcset=\"https:\/\/imnlagos.com.br\/2019\/wp-content\/uploads\/2021\/06\/PAAF-1-300x206.jpg 300w, https:\/\/imnlagos.com.br\/2019\/wp-content\/uploads\/2021\/06\/PAAF-1-88x60.jpg 88w, https:\/\/imnlagos.com.br\/2019\/wp-content\/uploads\/2021\/06\/PAAF-1-390x267.jpg 390w, https:\/\/imnlagos.com.br\/2019\/wp-content\/uploads\/2021\/06\/PAAF-1.jpg 601w\" sizes=\"(max-width: 224px) 100vw, 224px\" \/>Os procedimentos (Biopsias) guiados por imagem, em especial a ultrassonografia, s\u00e3o importantes t\u00e9cnicas para o diagn\u00f3stico precoce de v\u00e1rias doen\u00e7as, especialmente em n\u00f3dulos que acometem a tireoide, mama, g\u00e2nglios e outras estruturas.<br \/>\nPara a confiabilidade do resultado \u00e9 muito importante a experi\u00eancia do profissional executante e equipamentos adequados.<\/p>\n<p>O IMN disp\u00f5e de m\u00e9dicos qualificados e equipamentos apropriados para realizar a t\u00e9cnica com o m\u00ednimo desconforto e a seguran\u00e7a que, tradicionalmente, acompanha o nosso trabalho.<\/p>\n<p>&nbsp;<\/p>\n<p><strong>PAAF &#8211; PUN\u00c7\u00c3O ASPIRATIVA POR AGULHA FINA:<\/strong><br \/>\n\u00c9 a aspira\u00e7\u00e3o de uma amostra de um tecido, seguida de an\u00e1lise citol\u00f3gica.<br \/>\nPode ser realizada para qualquer estrutura percut\u00e2nea, mas principalmente no diagn\u00f3stico de n\u00f3dulos da tireoide, da mama e de g\u00e2nglios linf\u00e1ticos.<\/p>\n<p>&nbsp;<\/p>\n<p><strong>CORE BIOPSY DE MAMA:<\/strong><br \/>\n\u00c9 a retirada de fragmentos da mama, com aux\u00edlio de equipamento espec\u00edfico, agulha grossa, seguida de an\u00e1lise histopatol\u00f3gica.<\/p>\n<p style=\"text-align: center;\"><strong><a href=\"https:\/\/imnlagos.com.br\/2019\">VOLTAR<\/a><\/strong><\/p>\n","protected":false},"excerpt":{"rendered":"<p>Os procedimentos (Biopsias) guiados por imagem, em especial a ultrassonografia, s\u00e3o importantes t\u00e9cnicas para o diagn\u00f3stico precoce de v\u00e1rias doen\u00e7as, especialmente em n\u00f3dulos que acometem a tireoide, mama, g\u00e2nglios e outras estruturas. Para a confiabilidade do resultado \u00e9 muito importante a experi\u00eancia do profissional executante e equipamentos adequados. O IMN disp\u00f5e de m\u00e9dicos qualificados e&hellip;<\/p>\n","protected":false},"author":1,"featured_media":0,"parent":0,"menu_order":0,"comment_status":"closed","ping_status":"closed","template":"","meta":[],"_links":{"self":[{"href":"https:\/\/imnlagos.com.br\/2019\/wp-json\/wp\/v2\/pages\/545"}],"collection":[{"href":"https:\/\/imnlagos.com.br\/2019\/wp-json\/wp\/v2\/pages"}],"about":[{"href":"https:\/\/imnlagos.com.br\/2019\/wp-json\/wp\/v2\/types\/page"}],"author":[{"embeddable":true,"href":"https:\/\/imnlagos.com.br\/2019\/wp-json\/wp\/v2\/users\/1"}],"replies":[{"embeddable":true,"href":"https:\/\/imnlagos.com.br\/2019\/wp-json\/wp\/v2\/comments?post=545"}],"version-history":[{"count":11,"href":"https:\/\/imnlagos.com.br\/2019\/wp-json\/wp\/v2\/pages\/545\/revisions"}],"predecessor-version":[{"id":2106,"href":"https:\/\/imnlagos.com.br\/2019\/wp-json\/wp\/v2\/pages\/545\/revisions\/2106"}],"wp:attachment":[{"href":"https:\/\/imnlagos.com.br\/2019\/wp-json\/wp\/v2\/media?parent=545"}],"curies":[{"name":"wp","href":"https:\/\/api.w.org\/{rel}","templated":true}]}}