{"id":44,"date":"2019-04-29T13:47:15","date_gmt":"2019-04-29T16:47:15","guid":{"rendered":"https:\/\/imnlagos.com.br\/2019\/?page_id=44"},"modified":"2019-04-29T14:32:24","modified_gmt":"2019-04-29T17:32:24","slug":"hormonios","status":"publish","type":"page","link":"https:\/\/imnlagos.com.br\/2019\/laboratorio\/hormonios","title":{"rendered":"Horm\u00f4nios"},"content":{"rendered":"<p>O\u00a0<strong>Instituto de Medicina Nuclear<\/strong>\u00a0conta com equipamentos de automa\u00e7\u00e3o para dosagens de horm\u00f4nios pelo m\u00e9todo de quimiofluoresc\u00eancia al\u00e9m do j\u00e1 tradicional Radioimunoensaio..<\/p>\n<p>Uma das suas mais novas aquisi\u00e7\u00f5es foi o analizador autom\u00e1tico TOSOH com tecnologia japonesa, trazendo seguran\u00e7a, facilidade e rapidez na sua rotina.<\/p>\n<p>Alguns exames, se necess\u00e1rio, podem ser colhidos e liberados no mesmo dia.<\/p>\n<p>O setor \u00e9 supervisionado pelo M\u00e9dico Nuclear e Endocrinologista Dr. S\u00e9rgio Osmar Pina Servino.<\/p>\n<p style=\"text-align: center;\"><strong><a href=\"https:\/\/imnlagos.com.br\/2019\/laboratorio\/\">VOLTAR<\/a><\/strong><\/p>\n","protected":false},"excerpt":{"rendered":"<p>O\u00a0Instituto de Medicina Nuclear\u00a0conta com equipamentos de automa\u00e7\u00e3o para dosagens de horm\u00f4nios pelo m\u00e9todo de quimiofluoresc\u00eancia al\u00e9m do j\u00e1 tradicional Radioimunoensaio.. Uma das suas mais novas aquisi\u00e7\u00f5es foi o analizador autom\u00e1tico TOSOH com tecnologia japonesa, trazendo seguran\u00e7a, facilidade e rapidez na sua rotina. Alguns exames, se necess\u00e1rio, podem ser colhidos e liberados no mesmo dia.&hellip;<\/p>\n","protected":false},"author":1,"featured_media":0,"parent":38,"menu_order":0,"comment_status":"closed","ping_status":"closed","template":"template\/template-page-full-width.php","meta":[],"_links":{"self":[{"href":"https:\/\/imnlagos.com.br\/2019\/wp-json\/wp\/v2\/pages\/44"}],"collection":[{"href":"https:\/\/imnlagos.com.br\/2019\/wp-json\/wp\/v2\/pages"}],"about":[{"href":"https:\/\/imnlagos.com.br\/2019\/wp-json\/wp\/v2\/types\/page"}],"author":[{"embeddable":true,"href":"https:\/\/imnlagos.com.br\/2019\/wp-json\/wp\/v2\/users\/1"}],"replies":[{"embeddable":true,"href":"https:\/\/imnlagos.com.br\/2019\/wp-json\/wp\/v2\/comments?post=44"}],"version-history":[{"count":3,"href":"https:\/\/imnlagos.com.br\/2019\/wp-json\/wp\/v2\/pages\/44\/revisions"}],"predecessor-version":[{"id":156,"href":"https:\/\/imnlagos.com.br\/2019\/wp-json\/wp\/v2\/pages\/44\/revisions\/156"}],"up":[{"embeddable":true,"href":"https:\/\/imnlagos.com.br\/2019\/wp-json\/wp\/v2\/pages\/38"}],"wp:attachment":[{"href":"https:\/\/imnlagos.com.br\/2019\/wp-json\/wp\/v2\/media?parent=44"}],"curies":[{"name":"wp","href":"https:\/\/api.w.org\/{rel}","templated":true}]}}