{"id":408,"date":"2018-10-24T04:05:07","date_gmt":"2018-10-24T04:05:07","guid":{"rendered":"https:\/\/imnlagos.com.br\/2019\/?p=408"},"modified":"2026-02-25T09:28:26","modified_gmt":"2026-02-25T12:28:26","slug":"bem-vindo","status":"publish","type":"page","link":"https:\/\/imnlagos.com.br\/2019\/","title":{"rendered":"Bem vindo ao IMN"},"content":{"rendered":"\t\t<div data-elementor-type=\"wp-page\" data-elementor-id=\"408\" class=\"elementor elementor-408\" data-elementor-settings=\"[]\">\n\t\t\t\t\t\t<div class=\"elementor-inner\">\n\t\t\t\t\t\t\t<div class=\"elementor-section-wrap\">\n\t\t\t\t\t\t\t<section class=\"elementor-section elementor-top-section elementor-element elementor-element-76cc8de elementor-section-boxed elementor-section-height-default elementor-section-height-default\" data-id=\"76cc8de\" data-element_type=\"section\">\n\t\t\t\t\t\t<div class=\"elementor-container elementor-column-gap-default\">\n\t\t\t\t\t\t\t<div class=\"elementor-row\">\n\t\t\t\t\t<div class=\"elementor-column elementor-col-100 elementor-top-column elementor-element elementor-element-2c85bac\" data-id=\"2c85bac\" data-element_type=\"column\">\n\t\t\t<div class=\"elementor-column-wrap elementor-element-populated\">\n\t\t\t\t\t\t\t<div class=\"elementor-widget-wrap\">\n\t\t\t\t\t\t<div class=\"elementor-element elementor-element-48e0e02 elementor-widget elementor-widget-image\" data-id=\"48e0e02\" data-element_type=\"widget\" data-widget_type=\"image.default\">\n\t\t\t\t<div class=\"elementor-widget-container\">\n\t\t\t\t\t\t\t\t<div class=\"elementor-image\">\n\t\t\t\t\t\t\t\t\t\t\t\t<img src=\"https:\/\/imnlagos.com.br\/2019\/wp-content\/uploads\/elementor\/thumbs\/46-anos-rjmxozdl3st84aqohfg9rwsiyltnumv99wxi0uptt8.png\" title=\"46 anos\" alt=\"46 anos\" \/>\t\t\t\t\t\t\t\t\t\t\t\t\t\t<\/div>\n\t\t\t\t\t\t<\/div>\n\t\t\t\t<\/div>\n\t\t\t\t\t\t<\/div>\n\t\t\t\t\t<\/div>\n\t\t<\/div>\n\t\t\t\t\t\t\t\t<\/div>\n\t\t\t\t\t<\/div>\n\t\t<\/section>\n\t\t\t\t<section class=\"elementor-section elementor-top-section elementor-element elementor-element-2cba598 elementor-section-boxed elementor-section-height-default elementor-section-height-default\" data-id=\"2cba598\" data-element_type=\"section\">\n\t\t\t\t\t\t<div class=\"elementor-container elementor-column-gap-default\">\n\t\t\t\t\t\t\t<div class=\"elementor-row\">\n\t\t\t\t\t<div class=\"elementor-column elementor-col-100 elementor-top-column elementor-element elementor-element-a22a8fd\" data-id=\"a22a8fd\" data-element_type=\"column\">\n\t\t\t<div class=\"elementor-column-wrap elementor-element-populated\">\n\t\t\t\t\t\t\t<div class=\"elementor-widget-wrap\">\n\t\t\t\t\t\t<div class=\"elementor-element elementor-element-e0af16d elementor-widget elementor-widget-text-editor\" data-id=\"e0af16d\" data-element_type=\"widget\" data-widget_type=\"text-editor.default\">\n\t\t\t\t<div class=\"elementor-widget-container\">\n\t\t\t\t\t\t\t\t<div class=\"elementor-text-editor elementor-clearfix\">\n\t\t\t\t\t<p><span style=\"font-size: 14pt; letter-spacing: -0.25pt; text-align: justify;\">46 anos de experi\u00eancia em medicina diagn\u00f3stica, atendendo os clientes com qualidade e seguran\u00e7a.<br \/>Siga corretamente as orienta\u00e7\u00f5es m\u00e9dicas e conte sempre com o IMN.<\/span><\/p><p><span style=\"font-size: 14pt; letter-spacing: -0.25pt; text-align: justify;\">Especialidades m\u00e9dicas:\u00a0<\/span><\/p><p><span style=\"text-align: justify; text-indent: -18pt; font-size: 14pt; font-family: Wingdings; letter-spacing: -0.25pt;\">\u00d8<span style=\"font-variant-numeric: normal; font-variant-east-asian: normal; font-variant-alternates: normal; font-size-adjust: none; font-kerning: auto; font-optical-sizing: auto; font-feature-settings: normal; font-variation-settings: normal; font-variant-position: normal; font-variant-emoji: normal; font-stretch: normal; font-size: 7pt; line-height: normal; font-family: 'Times New Roman';\">\u00a0 <\/span><\/span><span style=\"text-align: justify; text-indent: -18pt; font-size: 14pt; letter-spacing: -0.25pt;\">Laborat\u00f3rio de An\u00e1lises Cl\u00ednicas\u00a0<br \/><\/span><span style=\"text-align: justify; text-indent: -18pt; font-size: 14pt; font-family: Wingdings; letter-spacing: -0.25pt;\">\u00d8<span style=\"font-variant-numeric: normal; font-variant-east-asian: normal; font-variant-alternates: normal; font-size-adjust: none; font-kerning: auto; font-optical-sizing: auto; font-feature-settings: normal; font-variation-settings: normal; font-variant-position: normal; font-variant-emoji: normal; font-stretch: normal; font-size: 7pt; line-height: normal; font-family: 'Times New Roman';\">\u00a0 <\/span><\/span><span style=\"text-align: justify; text-indent: -18pt; font-size: 14pt; letter-spacing: -0.25pt;\">Bi\u00f3psias (Paaf e Core)<br \/><\/span><span style=\"text-align: justify; text-indent: -18pt; font-size: 14pt; font-family: Wingdings; letter-spacing: -0.25pt;\">\u00d8<span style=\"font-variant-numeric: normal; font-variant-east-asian: normal; font-variant-alternates: normal; font-size-adjust: none; font-kerning: auto; font-optical-sizing: auto; font-feature-settings: normal; font-variation-settings: normal; font-variant-position: normal; font-variant-emoji: normal; font-stretch: normal; font-size: 7pt; line-height: normal; font-family: 'Times New Roman';\">\u00a0 <\/span><\/span><span style=\"text-align: justify; text-indent: -18pt; font-size: 14pt; letter-spacing: -0.25pt;\">Cintilografia<br \/><\/span><span style=\"text-align: justify; text-indent: -18pt; font-size: 14pt; font-family: Wingdings; letter-spacing: -0.25pt;\">\u00d8<span style=\"font-variant-numeric: normal; font-variant-east-asian: normal; font-variant-alternates: normal; font-size-adjust: none; font-kerning: auto; font-optical-sizing: auto; font-feature-settings: normal; font-variation-settings: normal; font-variant-position: normal; font-variant-emoji: normal; font-stretch: normal; font-size: 7pt; line-height: normal; font-family: 'Times New Roman';\">\u00a0 <\/span><\/span><span style=\"text-align: justify; text-indent: -18pt; font-size: 14pt; letter-spacing: -0.25pt;\">Densitometria \u00d3ssea<br \/><\/span><span style=\"text-align: justify; text-indent: -18pt; font-size: 14pt; font-family: Wingdings; letter-spacing: -0.25pt;\">\u00d8<span style=\"font-variant-numeric: normal; font-variant-east-asian: normal; font-variant-alternates: normal; font-size-adjust: none; font-kerning: auto; font-optical-sizing: auto; font-feature-settings: normal; font-variation-settings: normal; font-variant-position: normal; font-variant-emoji: normal; font-stretch: normal; font-size: 7pt; line-height: normal; font-family: 'Times New Roman';\">\u00a0 <\/span><\/span><span style=\"text-align: justify; text-indent: -18pt; font-size: 14pt; letter-spacing: -0.25pt;\">Eletroencefalograma<br \/><\/span><span style=\"text-align: justify; text-indent: -18pt; font-size: 14pt; font-family: Wingdings; letter-spacing: -0.25pt;\">\u00d8<span style=\"font-variant-numeric: normal; font-variant-east-asian: normal; font-variant-alternates: normal; font-size-adjust: none; font-kerning: auto; font-optical-sizing: auto; font-feature-settings: normal; font-variation-settings: normal; font-variant-position: normal; font-variant-emoji: normal; font-stretch: normal; font-size: 7pt; line-height: normal; font-family: 'Times New Roman';\">\u00a0 <\/span><\/span><span style=\"text-align: justify; text-indent: -18pt; font-size: 14pt; letter-spacing: -0.25pt;\">Raios X<br \/><\/span><span style=\"text-align: justify; text-indent: -18pt; font-size: 14pt; font-family: Wingdings; letter-spacing: -0.25pt;\">\u00d8<span style=\"font-variant-numeric: normal; font-variant-east-asian: normal; font-variant-alternates: normal; font-size-adjust: none; font-kerning: auto; font-optical-sizing: auto; font-feature-settings: normal; font-variation-settings: normal; font-variant-position: normal; font-variant-emoji: normal; font-stretch: normal; font-size: 7pt; line-height: normal; font-family: 'Times New Roman';\">\u00a0\u00a0<\/span><\/span><span style=\"text-align: justify; text-indent: -18pt; font-size: 14pt; letter-spacing: -0.25pt;\">Mamografia Digital<br \/><\/span><span style=\"text-align: justify; text-indent: -18pt; font-size: 14pt; font-family: Wingdings; letter-spacing: -0.25pt;\">\u00d8<span style=\"font-variant-numeric: normal; font-variant-east-asian: normal; font-variant-alternates: normal; font-size-adjust: none; font-kerning: auto; font-optical-sizing: auto; font-feature-settings: normal; font-variation-settings: normal; font-variant-position: normal; font-variant-emoji: normal; font-stretch: normal; font-size: 7pt; line-height: normal; font-family: 'Times New Roman';\">\u00a0 <\/span><\/span><span style=\"text-align: justify; text-indent: -18pt; font-size: 14pt; letter-spacing: -0.25pt;\">Ultrassonografia<br \/><\/span><span style=\"text-align: justify; text-indent: -18pt; font-size: 14pt; font-family: Wingdings; letter-spacing: -0.25pt;\">\u00d8<span style=\"font-variant-numeric: normal; font-variant-east-asian: normal; font-variant-alternates: normal; font-size-adjust: none; font-kerning: auto; font-optical-sizing: auto; font-feature-settings: normal; font-variation-settings: normal; font-variant-position: normal; font-variant-emoji: normal; font-stretch: normal; font-size: 7pt; line-height: normal; font-family: 'Times New Roman';\">\u00a0 <\/span><\/span><span style=\"text-align: justify; text-indent: -18pt; font-size: 14pt; letter-spacing: -0.25pt;\">Elastografia<br \/><\/span><span style=\"text-align: justify; text-indent: -18pt; font-size: 14pt; font-family: Wingdings; letter-spacing: -0.25pt;\">\u00d8<span style=\"font-variant-numeric: normal; font-variant-east-asian: normal; font-variant-alternates: normal; font-size-adjust: none; font-kerning: auto; font-optical-sizing: auto; font-feature-settings: normal; font-variation-settings: normal; font-variant-position: normal; font-variant-emoji: normal; font-stretch: normal; font-size: 7pt; line-height: normal; font-family: 'Times New Roman';\">\u00a0 <\/span><\/span><span style=\"text-align: justify; text-indent: -18pt; font-size: 14pt; letter-spacing: -0.25pt;\">Tomografia Computadorizada<br \/><\/span><span style=\"text-align: justify; text-indent: -18pt; font-size: 14pt; font-family: Wingdings; letter-spacing: -0.25pt;\">\u00d8<span style=\"font-variant-numeric: normal; font-variant-east-asian: normal; font-variant-alternates: normal; font-size-adjust: none; font-kerning: auto; font-optical-sizing: auto; font-feature-settings: normal; font-variation-settings: normal; font-variant-position: normal; font-variant-emoji: normal; font-stretch: normal; font-size: 7pt; line-height: normal; font-family: 'Times New Roman';\">\u00a0 <\/span><\/span><span style=\"text-align: justify; text-indent: -18pt; font-size: 14pt; letter-spacing: -0.25pt;\">Exames Ocupacionais<\/span><\/p><p style=\"margin-bottom: 0.0001pt; text-align: justify; line-height: normal; background-image: initial; background-position: initial; background-size: initial; background-repeat: initial; background-attachment: initial; background-origin: initial; background-clip: initial;\"><span style=\"font-size: 14.0pt; mso-fareast-font-family: 'Times New Roman'; mso-bidi-font-family: Calibri; mso-bidi-theme-font: minor-latin; letter-spacing: -.25pt; mso-fareast-language: PT-BR; mso-bidi-font-weight: bold;\">Use o menu e as redes sociais para conhecer o nosso\u00a0<\/span><span style=\"font-size: 14pt; letter-spacing: -0.25pt;\">trabalho.<\/span><\/p>\t\t\t\t\t<\/div>\n\t\t\t\t\t\t<\/div>\n\t\t\t\t<\/div>\n\t\t\t\t\t\t<\/div>\n\t\t\t\t\t<\/div>\n\t\t<\/div>\n\t\t\t\t\t\t\t\t<\/div>\n\t\t\t\t\t<\/div>\n\t\t<\/section>\n\t\t\t\t\t\t<\/div>\n\t\t\t\t\t\t<\/div>\n\t\t\t\t\t<\/div>\n\t\t","protected":false},"excerpt":{"rendered":"<p>46 anos de experi\u00eancia em medicina diagn\u00f3stica, atendendo os clientes com qualidade e seguran\u00e7a.Siga corretamente as orienta\u00e7\u00f5es m\u00e9dicas e conte sempre com o IMN. Especialidades m\u00e9dicas:\u00a0 \u00d8\u00a0 Laborat\u00f3rio de An\u00e1lises Cl\u00ednicas\u00a0\u00d8\u00a0 Bi\u00f3psias (Paaf e Core)\u00d8\u00a0 Cintilografia\u00d8\u00a0 Densitometria \u00d3ssea\u00d8\u00a0 Eletroencefalograma\u00d8\u00a0 Raios X\u00d8\u00a0\u00a0Mamografia Digital\u00d8\u00a0 Ultrassonografia\u00d8\u00a0 Elastografia\u00d8\u00a0 Tomografia Computadorizada\u00d8\u00a0 Exames Ocupacionais Use o menu e as redes sociais&hellip;<\/p>\n","protected":false},"author":1,"featured_media":177,"parent":0,"menu_order":0,"comment_status":"closed","ping_status":"closed","template":"","meta":[],"_links":{"self":[{"href":"https:\/\/imnlagos.com.br\/2019\/wp-json\/wp\/v2\/pages\/408"}],"collection":[{"href":"https:\/\/imnlagos.com.br\/2019\/wp-json\/wp\/v2\/pages"}],"about":[{"href":"https:\/\/imnlagos.com.br\/2019\/wp-json\/wp\/v2\/types\/page"}],"author":[{"embeddable":true,"href":"https:\/\/imnlagos.com.br\/2019\/wp-json\/wp\/v2\/users\/1"}],"replies":[{"embeddable":true,"href":"https:\/\/imnlagos.com.br\/2019\/wp-json\/wp\/v2\/comments?post=408"}],"version-history":[{"count":649,"href":"https:\/\/imnlagos.com.br\/2019\/wp-json\/wp\/v2\/pages\/408\/revisions"}],"predecessor-version":[{"id":2662,"href":"https:\/\/imnlagos.com.br\/2019\/wp-json\/wp\/v2\/pages\/408\/revisions\/2662"}],"wp:featuredmedia":[{"embeddable":true,"href":"https:\/\/imnlagos.com.br\/2019\/wp-json\/wp\/v2\/media\/177"}],"wp:attachment":[{"href":"https:\/\/imnlagos.com.br\/2019\/wp-json\/wp\/v2\/media?parent=408"}],"curies":[{"name":"wp","href":"https:\/\/api.w.org\/{rel}","templated":true}]}}