{"id":40,"date":"2019-04-29T13:44:39","date_gmt":"2019-04-29T16:44:39","guid":{"rendered":"https:\/\/imnlagos.com.br\/2019\/?page_id=40"},"modified":"2019-04-29T14:34:04","modified_gmt":"2019-04-29T17:34:04","slug":"alergias","status":"publish","type":"page","link":"https:\/\/imnlagos.com.br\/2019\/laboratorio\/alergias","title":{"rendered":"Alergias"},"content":{"rendered":"<p><strong>IGE Total<\/strong>\u00a0&#8211; \u00c9 o indicador mais usado em alergia. Apresenta-se nitidamente elevado nos processos al\u00e9rgicos.<\/p>\n<p align=\"center\"><strong>IGE Espec\u00edfico<\/strong>\u00a0&#8211; S\u00e0o dosagens de IGEs espec\u00edficas para subst\u00e2ncias que causam alergia. S\u00e3o ideais para pesquisa de alergia em crian\u00e7as de tenra idade quando o teste cut\u00e2neo n\u00e3o responde satisfatoriamente, ou uma pesquisa mais simples e fiel, pois utiliza extratos alerg\u00eanicos alatamente padronizados, garantindo reprodutibilidade, uniformidade de resposta e m\u00e1xima especificidade.<\/p>\n<p>S\u00e3o eles:<\/p>\n<p><strong>Alimentos<\/strong><\/p>\n<p>&#8211; Am\u00eandoas &#8211; coco, nozes, avel\u00e3s, amendoim<br \/>\n&#8211; Frutas &#8211; c\u00edtricas, banana e tomate<br \/>\n&#8211; Frutos do Mar &#8211; peixe camar\u00e3o, mexilh\u00e3o e atum<br \/>\n&#8211; Carnes &#8211; de vaca, frango e porco<br \/>\n&#8211; Cereais &#8211; trigo, soja, aveia, gl\u00faten e milho<br \/>\n&#8211; Chocolate<br \/>\n&#8211; Ovo &#8211; clara e gema<br \/>\n&#8211; Leite<\/p>\n<p><strong>Insetos (picadas)<\/strong><\/p>\n<p>&#8211; Abelha, vespa, marimbondo, formiga, barata e mosquitos<\/p>\n<p><strong>Inalantes<\/strong><\/p>\n<p>&#8211; Poeira caseira<br \/>\n&#8211; \u00c1caros<br \/>\n&#8211; Fungos<br \/>\n&#8211; P\u00ealos &#8211; de c\u00e3es, gatos, cavalos e bois.<br \/>\n&#8211; P\u00f3len<\/p>\n<p><strong>Orienta\u00e7\u00e3o T\u00e9cnica para o Exame:<\/strong><\/p>\n<p>Jejum de 8 (oito) horas<\/p>\n<p style=\"text-align: center;\"><strong><a href=\"https:\/\/imnlagos.com.br\/2019\/laboratorio\/\">VOLTAR<\/a><\/strong><\/p>\n","protected":false},"excerpt":{"rendered":"<p>IGE Total\u00a0&#8211; \u00c9 o indicador mais usado em alergia. Apresenta-se nitidamente elevado nos processos al\u00e9rgicos. IGE Espec\u00edfico\u00a0&#8211; S\u00e0o dosagens de IGEs espec\u00edficas para subst\u00e2ncias que causam alergia. S\u00e3o ideais para pesquisa de alergia em crian\u00e7as de tenra idade quando o teste cut\u00e2neo n\u00e3o responde satisfatoriamente, ou uma pesquisa mais simples e fiel, pois utiliza extratos&hellip;<\/p>\n","protected":false},"author":1,"featured_media":0,"parent":38,"menu_order":0,"comment_status":"closed","ping_status":"closed","template":"template\/template-page-full-width.php","meta":[],"_links":{"self":[{"href":"https:\/\/imnlagos.com.br\/2019\/wp-json\/wp\/v2\/pages\/40"}],"collection":[{"href":"https:\/\/imnlagos.com.br\/2019\/wp-json\/wp\/v2\/pages"}],"about":[{"href":"https:\/\/imnlagos.com.br\/2019\/wp-json\/wp\/v2\/types\/page"}],"author":[{"embeddable":true,"href":"https:\/\/imnlagos.com.br\/2019\/wp-json\/wp\/v2\/users\/1"}],"replies":[{"embeddable":true,"href":"https:\/\/imnlagos.com.br\/2019\/wp-json\/wp\/v2\/comments?post=40"}],"version-history":[{"count":4,"href":"https:\/\/imnlagos.com.br\/2019\/wp-json\/wp\/v2\/pages\/40\/revisions"}],"predecessor-version":[{"id":150,"href":"https:\/\/imnlagos.com.br\/2019\/wp-json\/wp\/v2\/pages\/40\/revisions\/150"}],"up":[{"embeddable":true,"href":"https:\/\/imnlagos.com.br\/2019\/wp-json\/wp\/v2\/pages\/38"}],"wp:attachment":[{"href":"https:\/\/imnlagos.com.br\/2019\/wp-json\/wp\/v2\/media?parent=40"}],"curies":[{"name":"wp","href":"https:\/\/api.w.org\/{rel}","templated":true}]}}