{"id":1265,"date":"2021-07-05T12:00:17","date_gmt":"2021-07-05T15:00:17","guid":{"rendered":"https:\/\/imnlagos.com.br\/2019\/?page_id=1265"},"modified":"2021-07-06T20:00:40","modified_gmt":"2021-07-06T23:00:40","slug":"preparo-em-tomografia-computadorizada","status":"publish","type":"page","link":"https:\/\/imnlagos.com.br\/2019\/preparo-em-tomografia-computadorizada","title":{"rendered":"Preparo em Tomografia Computadorizada"},"content":{"rendered":"<p><strong><img loading=\"lazy\" class=\"alignnone  wp-image-597\" src=\"https:\/\/imnlagos.com.br\/2019\/wp-content\/uploads\/2019\/06\/7-TOMOGRAFIA-300x59.jpg\" alt=\"\" width=\"798\" height=\"157\" srcset=\"https:\/\/imnlagos.com.br\/2019\/wp-content\/uploads\/2019\/06\/7-TOMOGRAFIA-300x59.jpg 300w, https:\/\/imnlagos.com.br\/2019\/wp-content\/uploads\/2019\/06\/7-TOMOGRAFIA-768x151.jpg 768w, https:\/\/imnlagos.com.br\/2019\/wp-content\/uploads\/2019\/06\/7-TOMOGRAFIA-600x118.jpg 600w, https:\/\/imnlagos.com.br\/2019\/wp-content\/uploads\/2019\/06\/7-TOMOGRAFIA-390x77.jpg 390w, https:\/\/imnlagos.com.br\/2019\/wp-content\/uploads\/2019\/06\/7-TOMOGRAFIA.jpg 856w\" sizes=\"(max-width: 798px) 100vw, 798px\" \/><\/strong><\/p>\n<p><strong>INSTRU\u00c7\u00d5ES GERAIS:<\/strong><\/p>\n<p>&#8211; Chegue com 30 minutos de anteced\u00eancia, no m\u00ednimo.<br \/>\n&#8211; Menores de idade devem estar acompanhado de um adulto respons\u00e1vel.<br \/>\n&#8211; Traga a requisi\u00e7\u00e3o m\u00e9dica do exame e documento de identifica\u00e7\u00e3o (identidade e CPF).<br \/>\n&#8211; Traga exames anteriores e aqueles relacionados ao caso.<br \/>\n&#8211; No agendamento, informe sobre pacientes que necessitem seda\u00e7\u00e3o, principalmente crian\u00e7as.<br \/>\nSempre que poss\u00edvel, o exame ser\u00e1 feito sem seda\u00e7\u00e3o.<br \/>\n&#8211; No agendamento, informe sobre pacientes que necessitem exames contrastados e tenham hist\u00f3rico de fen\u00f4menos al\u00e9rgicos, sejam diab\u00e9ticos em uso de metformina ou insulina:<br \/>\nHist\u00f3rico al\u00e9rgico, ser\u00e1 avaliada a necessidade de uso de medica\u00e7\u00e3o dessensibilizante.<br \/>\nUso de metformina, ser\u00e1 avaliada a necessidade de suspen\u00e7\u00e3o 48 horas antes do exame.<br \/>\nUso de Insulina, ser\u00e1 avaliada a necessidade de aplica\u00e7\u00e3o ap\u00f3s o exame.<\/p>\n<p><strong>\u00a0<\/strong><strong>Angio Tomografia da Bacia (Pelve):<br \/>\n<\/strong>&#8211; Jejum de 06 horas para pacientes adultos.<br \/>\n&#8211; Crian\u00e7as, seguir orienta\u00e7\u00e3o do pediatra.\u00b7.<\/p>\n<p><strong>Angio Tomografia do abd\u00f4men:<br \/>\n<\/strong>&#8211; Jejum de 06 horas para pacientes adultos.<br \/>\n&#8211; Crian\u00e7as, seguir orienta\u00e7\u00e3o do pediatra.<\/p>\n<p><strong>Angio Tomografia do t\u00f3rax:<br \/>\n<\/strong>&#8211; Jejum de 06 horas para pacientes adultos.<br \/>\n&#8211; Crian\u00e7as, seguir orienta\u00e7\u00e3o do pediatra.<\/p>\n<p><strong>Tomografia da Bacia (Pelve):<br \/>\n<\/strong>&#8211; Jejum de 06 horas para pacientes adultos.<br \/>\n&#8211; Crian\u00e7as, seguir orienta\u00e7\u00e3o do pediatra.<\/p>\n<p><strong>Tomografia da Coluna Cervical:<br \/>\n<\/strong>&#8211; Jejum de 04 horas para pacientes adultos.<br \/>\n&#8211; Crian\u00e7as, seguir orienta\u00e7\u00e3o do pediatra.<\/p>\n<p><strong>Tomografia da Coluna Dorsal:<br \/>\n<\/strong>&#8211; Jejum de 04 horas para pacientes adultos.<br \/>\n&#8211; Crian\u00e7as, seguir orienta\u00e7\u00e3o do pediatra.<\/p>\n<p><strong>Tomografia da Coluna Tor\u00e1cica:<br \/>\n<\/strong>&#8211; Jejum de 04 horas para pacientes adultos.<br \/>\n&#8211; Crian\u00e7as, seguir orienta\u00e7\u00e3o do pediatra.<\/p>\n<p><strong>Tomografia da Sela T\u00farcica, Cr\u00e2nio, \u00d3rbitas e ouvido:<br \/>\n<\/strong>&#8211; Jejum de 04 horas para pacientes adultos.<br \/>\n&#8211; Crian\u00e7as, seguir orienta\u00e7\u00e3o do pediatra.<\/p>\n<p><strong>Tomografia das Partes Moles:<\/strong><\/p>\n<p>&#8211; Jejum de 04 horas para pacientes adultos.<br \/>\n&#8211; Crian\u00e7as, seguir orienta\u00e7\u00e3o do pediatra.<\/p>\n<p><strong>Tomografia de abd\u00f4men:<\/strong><\/p>\n<p>&#8211; Jejum de 06 horas para pacientes adultos.<br \/>\n&#8211; Crian\u00e7as, seguir orienta\u00e7\u00e3o do pediatra.<\/p>\n<p><strong>Tomografia de articula\u00e7\u00f5es:<\/strong><\/p>\n<p>&#8211; Jejum de 04 horas para pacientes adultos.<br \/>\n&#8211; Crian\u00e7as, seguir orienta\u00e7\u00e3o do pediatra.<\/p>\n<p><strong>Tomografia do Pesco\u00e7o ou Angio Tomografia Cervical:<br \/>\n<\/strong>&#8211; Jejum de 4 horas.<br \/>\n&#8211; Crian\u00e7as, seguir orienta\u00e7\u00e3o do pediatra.<\/p>\n<p><strong>Tomografia do T\u00f3rax:<br \/>\n<\/strong>&#8211; Jejum de 4 horas.<br \/>\n&#8211; Crian\u00e7as, seguir orienta\u00e7\u00e3o do pediatra.<\/p>\n<p><strong>\u00a0<\/strong><strong>Tomografia do Seios da Face:<br \/>\n<\/strong>&#8211; Jejum de 4 horas.<br \/>\n&#8211; Crian\u00e7as, seguir orienta\u00e7\u00e3o do pediatra.<\/p>\n<p style=\"text-align: center;\"><strong><a href=\"https:\/\/imnlagos.com.br\/2019\">VOLTAR<\/a><\/strong><\/p>\n","protected":false},"excerpt":{"rendered":"<p>INSTRU\u00c7\u00d5ES GERAIS: &#8211; Chegue com 30 minutos de anteced\u00eancia, no m\u00ednimo. &#8211; Menores de idade devem estar acompanhado de um adulto respons\u00e1vel. &#8211; Traga a requisi\u00e7\u00e3o m\u00e9dica do exame e documento de identifica\u00e7\u00e3o (identidade e CPF). &#8211; Traga exames anteriores e aqueles relacionados ao caso. &#8211; No agendamento, informe sobre pacientes que necessitem seda\u00e7\u00e3o, principalmente&hellip;<\/p>\n","protected":false},"author":2,"featured_media":0,"parent":0,"menu_order":0,"comment_status":"closed","ping_status":"closed","template":"","meta":[],"_links":{"self":[{"href":"https:\/\/imnlagos.com.br\/2019\/wp-json\/wp\/v2\/pages\/1265"}],"collection":[{"href":"https:\/\/imnlagos.com.br\/2019\/wp-json\/wp\/v2\/pages"}],"about":[{"href":"https:\/\/imnlagos.com.br\/2019\/wp-json\/wp\/v2\/types\/page"}],"author":[{"embeddable":true,"href":"https:\/\/imnlagos.com.br\/2019\/wp-json\/wp\/v2\/users\/2"}],"replies":[{"embeddable":true,"href":"https:\/\/imnlagos.com.br\/2019\/wp-json\/wp\/v2\/comments?post=1265"}],"version-history":[{"count":6,"href":"https:\/\/imnlagos.com.br\/2019\/wp-json\/wp\/v2\/pages\/1265\/revisions"}],"predecessor-version":[{"id":1310,"href":"https:\/\/imnlagos.com.br\/2019\/wp-json\/wp\/v2\/pages\/1265\/revisions\/1310"}],"wp:attachment":[{"href":"https:\/\/imnlagos.com.br\/2019\/wp-json\/wp\/v2\/media?parent=1265"}],"curies":[{"name":"wp","href":"https:\/\/api.w.org\/{rel}","templated":true}]}}