{"id":1190,"date":"2021-07-03T15:07:21","date_gmt":"2021-07-03T18:07:21","guid":{"rendered":"https:\/\/imnlagos.com.br\/2019\/?page_id=1190"},"modified":"2023-09-11T11:01:48","modified_gmt":"2023-09-11T14:01:48","slug":"preparo-para-exames","status":"publish","type":"page","link":"https:\/\/imnlagos.com.br\/2019\/preparo-para-exames","title":{"rendered":"Preparos"},"content":{"rendered":"<p><img loading=\"lazy\" class=\"alignnone size-full wp-image-1886 alignleft\" src=\"https:\/\/imnlagos.com.br\/2019\/wp-content\/uploads\/2022\/05\/atendente.jpg\" alt=\"\" width=\"268\" height=\"190\" \/><\/p>\n<p style=\"text-align: left;\"><strong>BEM VINDO(a)<\/strong><\/p>\n<p style=\"text-align: left;\">Estamos felizes por nos ter escolhido para realizar os seus exames e nos empenharemos para melhor atend\u00ea-lo.<br \/>\nPara maior confiabilidade veja os preparos que indicamos, conforme o exame a ser realizado.<br \/>\nObserve atentamente as instru\u00e7\u00f5es e, havendo alguma d\u00favida ou a sua necessidade n\u00e3o estiver contemplada, comunique aos nossos atendentes.<\/p>\n<p>&nbsp;<\/p>\n<p style=\"text-align: center;\"><strong>\u00a0 \u00a0 \u00a0 \u00a0 \u00a0 \u00a0 \u00a0CLIQUE NO ITEM DESEJADO PARA INSTRU\u00c7\u00d5ES:<\/strong><\/p>\n<p style=\"text-align: left;\"><strong><a href=\"https:\/\/imnlagos.com.br\/2019\/exames-laboratoriais\">&#8221; EXAMES LABORATORIAIS&#8221; <\/a><\/strong><\/p>\n<p style=\"text-align: left;\"><strong><a href=\"https:\/\/imnlagos.com.br\/2019\/preparo-para-cintilografia\">&#8221; CINTILOGRAFIA&#8221;<\/a><\/strong><\/p>\n<p style=\"text-align: left;\"><strong><a href=\"https:\/\/imnlagos.com.br\/2019\/preparo-em-iultrassonografia\">&#8220;ULTRASSONOGRAFIA&#8221;<\/a><\/strong><\/p>\n<p style=\"text-align: left;\"><strong><a href=\"https:\/\/imnlagos.com.br\/2019\/preparo-em-raios-x\">&#8220;RAIOS X&#8221;<\/a><a href=\"https:\/\/imnlagos.com.br\/2019\/exames-laboratoriais\">\u00a0<\/a><\/strong><\/p>\n<p style=\"text-align: left;\"><strong><a href=\"https:\/\/imnlagos.com.br\/2019\/preparo-em-tomografia-computadorizada\">&#8220;TOMOGRAFIA COMPUTADORIZADA&#8221; <\/a><\/strong><\/p>\n<p style=\"text-align: left;\"><strong><a href=\"https:\/\/imnlagos.com.br\/2019\">VOLTAR<\/a><\/strong><\/p>\n","protected":false},"excerpt":{"rendered":"<p>BEM VINDO(a) Estamos felizes por nos ter escolhido para realizar os seus exames e nos empenharemos para melhor atend\u00ea-lo. Para maior confiabilidade veja os preparos que indicamos, conforme o exame a ser realizado. Observe atentamente as instru\u00e7\u00f5es e, havendo alguma d\u00favida ou a sua necessidade n\u00e3o estiver contemplada, comunique aos nossos atendentes. &nbsp; \u00a0 \u00a0&hellip;<\/p>\n","protected":false},"author":2,"featured_media":0,"parent":0,"menu_order":0,"comment_status":"closed","ping_status":"closed","template":"","meta":[],"_links":{"self":[{"href":"https:\/\/imnlagos.com.br\/2019\/wp-json\/wp\/v2\/pages\/1190"}],"collection":[{"href":"https:\/\/imnlagos.com.br\/2019\/wp-json\/wp\/v2\/pages"}],"about":[{"href":"https:\/\/imnlagos.com.br\/2019\/wp-json\/wp\/v2\/types\/page"}],"author":[{"embeddable":true,"href":"https:\/\/imnlagos.com.br\/2019\/wp-json\/wp\/v2\/users\/2"}],"replies":[{"embeddable":true,"href":"https:\/\/imnlagos.com.br\/2019\/wp-json\/wp\/v2\/comments?post=1190"}],"version-history":[{"count":32,"href":"https:\/\/imnlagos.com.br\/2019\/wp-json\/wp\/v2\/pages\/1190\/revisions"}],"predecessor-version":[{"id":2320,"href":"https:\/\/imnlagos.com.br\/2019\/wp-json\/wp\/v2\/pages\/1190\/revisions\/2320"}],"wp:attachment":[{"href":"https:\/\/imnlagos.com.br\/2019\/wp-json\/wp\/v2\/media?parent=1190"}],"curies":[{"name":"wp","href":"https:\/\/api.w.org\/{rel}","templated":true}]}}